) = 3*r - 9. Let f(q) = -2*q + 8. Let c(m) = -6*f(m) - 5*t(m). Let d be c(6). What are the prime factors of (d/(-2) + -1)*2?
19
Let z = -94 + 81. Let c(y) = -y - 2 - 16*y - 4 - y**3 - 14*y**2 - 4. What are the prime factors of c(z)?
2, 3, 7
Let s = 116 + -68. What are the prime factors of s?
2, 3
Suppose 3*j + 7 = 13. Suppose 3*t = 3, -2*a - j*t + 0*t + 28 = 0. Suppose 153 - a = 2*g. What are the prime factors of g?
2, 5, 7
Let v(z) = 16*z - 39. Let n be v(9). Suppose -n - 125 = -5*t. List the prime factors of t.
2, 23
Let r be (1 + 121)/(4 + -2). Let l = -12 - -49. Let o = r - l. What are the prime factors of o?
2, 3
Let i = -6 - -21. List the prime factors of (-13)/(i/6 - 3).
2, 13
Suppose g + 28 = 5*c, c - g + 1 = -3*g. Suppose c*y - 293 = -4*f, y + y - 4*f = 106. Let u = -25 + y. List the prime factors of u.
2
List the prime factors of (((-37)/3)/(-1))/((-9)/(-54)).
2, 37
Suppose -380 = -2*g + 5*d, -3*g + 4*d + 596 = 3*d. Suppose 0 = -3*q + 8*q - g. List the prime factors of q.
2, 5
Suppose 0 = 4*y - 9*y - 175. Let u = 5 + y. Let g = -23 - u. What are the prime factors of g?
7
Let s = 579 - 115. List the prime factors of s.
2, 29
Let y be (0/1 - -108) + -3. Let j be ((-8)/3)/((-6)/9). Suppose -y = z - j*z. What are the prime factors of z?
5, 7
Let i(q) = 202*q**2 - 15*q - 34. List the prime factors of i(-3).
31, 59
List the prime factors of 2001*(-12)/(-28) + 16/(-28).
857
Let n = -29 - -36. Suppose -3*t = -n*t - 4*r + 280, -r = -4*t + 300. What are the prime factors of t?
2, 37
Let p(j) = -35*j + 697. What are the prime factors of p(0)?
17, 41
Suppose -89*j = i - 84*j - 1676, -i = -j - 1646. What are the prime factors of i?
13, 127
Suppose f + 0*f = -3*t + 58, 0 = -5*f - t + 234. Let u(w) = -w**3 + 3*w**2 + 14*w - 2. Let h be u(6). Let m = h + f. What are the prime factors of m?
2, 5
Let y(l) = 30*l + 518. List the prime factors of y(7).
2, 7, 13
Suppose -14*q = -116 - 24. Suppose q*d - 2*d - 1376 = 0. List the prime factors of d.
2, 43
Let l be 1/4 + ((-325)/20)/5. What are the prime factors of (-62)/(l - (-3 + 2))*1?
31
Let b = 1 + -1. Let h be ((-10)/4)/(-5)*b. Let y = h - -10. What are the prime factors of y?
2, 5
Let b be (-23)/((-2)/60*3). Suppose 3*c = -29 + b. List the prime factors of c.
67
Let m(x) = x + 11. Let v be m(-2). Suppose 0 = v*z - 604 - 467. List the prime factors of z.
7, 17
List the prime factors of 117/((-2)/10 + 12/30).
3, 5, 13
Let s = 24 - 20. Suppose 4*u - 25 = -4*g + 67, -3*u - 92 = -s*g. Suppose -57 = -4*b + g. What are the prime factors of b?
2, 5
Let p = -17 + 21. Suppose -m - 3*n - 3 = 0, -18 = 2*m - 3*m + p*n. Suppose 58 = t + m. List the prime factors of t.
2, 13
Let f(t) = -7*t**2 + 59*t + 3. List the prime factors of f(6).
3, 5, 7
Let n be 6/4 - (-15)/(-10). Suppose n = 5*u + 47 + 3. List the prime factors of ((-52)/u)/(8/20).
13
Suppose p - 6 = -2. Suppose 15 = -5*y, 3*r - 6 = 2*y - p*y. Suppose r*h - 6 - 22 = 0. List the prime factors of h.
7
Let x(h) = -4*h**2 - 8. Let p(c) = -c**2 + c**2 + 6*c**2 - 5*c**2 + 1. Let u(k) = 6*p(k) + x(k). What are the prime factors of u(-2)?
2, 3
Let l(z) = 1 - 22*z + 12*z - 48*z - 16*z. List the prime factors of l(-2).
149
Let f(u) = 52*u + 216. List the prime factors of f(20).
2, 157
Suppose 4*u = d + 12350, 0 = -2*u + 5*d + 3355 + 2829. What are the prime factors of u?
3, 7
Suppose -2*u - 33 = -81. Let x = 28 - u. List the prime factors of 324/(-8)*x/(-6).
3
Suppose 5*k = -t + 3262, -4*k + 2309 = -5*t + 18590. List the prime factors of t.
3257
Let x(v) = -67*v + 25. Let g(d) = 69*d - 24. Let j(z) = -4*g(z) - 3*x(z). List the prime factors of j(-3).
2, 3, 41
Let y(j) = j**2 + 3*j + 3. Let r be y(3). Let t = -444 + 416. What are the prime factors of (-12)/t - (-348)/r?
17
Let p(h) = -2*h - 5. Let n be p(-2). Let d = 98 + n. List the prime factors of d.
97
List the prime factors of (539 - -5) + (-9 - -3).
2, 269
Let z be (9 - (-30)/(-5))/((-1)/3). Let k(u) = -u - 24 + u**2 + u + 8 + 2*u. List the prime factors of k(z).
47
Suppose 16*t + 6*t = 2002. Let p = t - -161. List the prime factors of p.
2, 3, 7
Let f(p) = p**2 - 8*p + 10. Let q be f(7). Suppose -114 = -3*u + q*g + 51, 0 = 5*u + 2*g - 247. List the prime factors of u.
3, 17
Let q be 3 + (-2 - (-3 - -8)). Let p be (q/6)/(1/3). List the prime factors of 71/4 + p/(-8).
2, 3
List the prime factors of (1 - 2/((-2)/103)) + -3.
101
Let z = -1975 - -3084. What are the prime factors of z?
1109
Let r be (-3 + 1)*(6 + 16/(-2)). Suppose r*s - 497 = -81. List the prime factors of s.
2, 13
Suppose 4*y = 3*v + 4, -v - 2*y = -3*v. Suppose -l + v*l = 0. Suppose l = -4*b + 2*b + 34. List the prime factors of b.
17
Suppose 3*r - 73 = -m, 161 = 2*m - 0*r + r. Suppose 30 - m = -g. Suppose 0 = -5*j + g + 63. What are the prime factors of j?
23
Suppose 31*r = 39*r - 8448. List the prime factors of r.
2, 3, 11
Suppose -v - 3*v + 31 = -5*t, 5*v - 4*t = 32. Let o(i) = 1 - 1 + v*i - 1. What are the prime factors of o(4)?
3, 5
Let g = 432 + -459. Let l be (1*-1)/((-1)/(-25)). Let v = l - g. What are the prime factors of v?
2
Let p(t) = -2*t - 1. Let l = 16 + -11. Suppose l*v = -5*n + n - 24, 5*v - 2*n + 18 = 0. List the prime factors of p(v).
7
Let c(p) = 7*p - 6. Let q be c(15). Let f = 247 - q. List the prime factors of f.
2, 37
Suppose 41220 = 7*d + 5*p + 13094, 0 = -4*d + 3*p + 16072. What are the prime factors of d?
2, 7, 41
Let q(x) = 161*x - 20. What are the prime factors of q(9)?
1429
Let a(c) be the third derivative of -c**6/120 - c**5/60 - c**4/24 - 2*c**2. Let b be a(-4). Let g = b - 18. List the prime factors of g.
2, 17
Let p(n) = -13 + 12 + 28 - 3*n. What are the prime factors of p(-10)?
3, 19
Let y(d) = 4*d**3 - 9*d**2 + 18*d + 7. What are the prime factors of y(4)?
191
Let k be 3/(((-12)/(-5))/4). Suppose -232 = -k*y + 4*b - 5*b, b + 44 = y. Suppose 0 = s + 3*f - 62, -s + f = -4*f - y. List the prime factors of s.
2, 7
Suppose 0*u - 5*u = -10. Suppose -u*x + 5 = -3, 4*v = -2*x + 188. List the prime factors of v.
3, 5
Suppose 0 = -5*i - 15, m + 54 = 5*i + 161. List the prime factors of m.
2, 23
Let r(w) be the second derivative of -w**4/12 + w**3 + 6*w. Let u be r(6). What are the prime factors of (-6)/(-10)*(15 + u)?
3
Suppose 3*u - 94 = -n - n, 2*u - 257 = -5*n. Let p = n + -29. What are the prime factors of p?
2, 3
Let h = -159 + 249. Suppose -3*f + 38 = 2*g + 4, 0 = -4*g + 5*f + h. Let b = g - 9. What are the prime factors of b?
11
Suppose 8*m - 2*p = 9*m - 796, 0 = -m - 5*p + 808. What are the prime factors of m?
2, 197
Let y = -1418 - -2466. List the prime factors of y.
2, 131
Suppose -y = 2*y - 5*d - 540, 0 = 2*d. Let o = -51 + y. List the prime factors of o.
3, 43
Let d(a) = -a - 1. Let i(s) = 6*s + 5. Let z(h) = -4*d(h) - i(h). Let t be z(-2). Suppose 0 = -t*n + 38 + 7. List the prime factors of n.
3, 5
Suppose 0 = 2*f - 50 - 8. Suppose 10*j = 6*j - 36. Let o = f + j. List the prime factors of o.
2, 5
Suppose 4*d - 656 = -4*j, 5*d = 4*j - 178 - 442. Suppose 4*a - 6*h - 222 = -3*h, 3*a - j = -h. List the prime factors of a.
2, 3
Suppose 0*i = -i + 20. Suppose 2*g - i = -2*p - 0, -5 = -5*p. Suppose -5*d = -g*d + 24. List the prime factors of d.
2, 3
Let s(v) = 43*v + 301. List the prime factors of s(19).
2, 13, 43
Suppose 4*s = -3*a - 15, 0 = -2*s + 4*a + 2 - 4. What are the prime factors of s - (-13 - (1 + -2))?
3
What are the prime factors of (-18216)/(-45) + 6 - 3/(-15)?
3, 137
Let k = -1968 + 3940. What are the prime factors of k?
2, 17, 29
Let d(z) = 19*z + 41. Let o(y) = -10*y - 21. Let r(j) = -6*d(j) - 11*o(j). Let k(h) = 3*h + 14. Let g(v) = -2*k(v) - 3*r(v). What are the prime factors of g(5)?
47
Let l = -21 - -340. What are the prime factors of l?
11, 29
Let k(d) = 1 + 0*d + 6*d + 7 - d. List the prime factors of k(5).
3, 11
Let u be (0 + 6/7)*-7. Let q(j) = -j**3 - 6*j**2 - 3*j - 9. Let f be q(u). Suppose -z = 2*h - f, -6*z + z + 25 = 0. What are the prime factors of h?
2
Let w(s) = -s**3 - 5*s**2 + 4*s - 11. Let p be w(-6). Suppose 3*b + 18 = -6. List the prime factors of (-122)/b - p/4.
3, 5
Let w(v) = 16*v**2 - v + 11. Let n be w(3). Let g = 258 - n. What are the prime factors of g?
2, 53
Let v(z) = -29*z + 200. What are the prime factors of v(-18)?
2, 19
Let o = 157 - -1487. What are the prime fac